4*h + 15*h - 66 = 0. Determine f(h).
8
Let n(q) = -2*q**2 + 16*q + 16. Let m be n(9). Let i(a) = -5*a - 2. Calculate i(m).
8
Let x = -13 + 15. Let i(h) = -8 - h**x + 2*h + 3*h**2 - h - h**2. What is i(0)?
-8
Let h(i) = 34*i**2 - i**3 - 38*i**2 + 0*i**3 - 1 - i. Give h(-3).
-7
Suppose -h = -2*h. Let k(y) = 64*y - 134*y + 69*y - 10. Give k(h).
-10
Let w(g) = 4*g + 2. Let h = -1 - -10. Let p(u) = 2*u + 1. Let a(j) = h*p(j) - 4*w(j). Determine a(2).
5
Let b(t) = -t**2 - 8*t - 4. Let y(g) = -1. Let r(d) = b(d) - 2*y(d). Calculate r(-6).
10
Let f(g) = -3*g - 3*g + 2*g - 1 + 3*g. Give f(-4).
3
Suppose 14 = -2*w - 4*i, 4*i = -5*w + 6*i - 47. Let k(l) = l + 1. Give k(w).
-8
Let l(w) = w**2 - w + 4. Suppose -4*s + 0*s = 12. Suppose r = 5*r + 8. Let i be 0*(s/r + -2). Calculate l(i).
4
Let p(f) be the third derivative of f**5/60 + 5*f**4/24 - f**3/6 - f**2. Suppose x = -h - x, 0 = -h - 4*x - 6. Suppose -3*t + h*t + 15 = 0. Give p(t).
-1
Let z(u) be the first derivative of -3/2*u**2 + 1 - 2*u. Let f be 1*-2*6/4. What is z(f)?
7
Suppose 3*l - 112 = 8. Suppose l = q + 3*q. Suppose -3*f = -4*b - 5*f - q, 5*f - 14 = 3*b. Let o(h) = -h**3 - 2*h**2 + 5*h + 4. Give o(b).
-2
Let h be (-22)/(-6) + 4/12. Let f = 4 + -3. Let m(x) = 2*x - x - 4 + f. Determine m(h).
1
Suppose -2*h + 13 = -17. Let c(g) = -g**2 + 16*g - 17. Determine c(h).
-2
Suppose -2 = 2*p - 4*t, 5*p - 3*t + 6 = -6. Let d be (6/(-10))/(p/(-15)). Let m(u) = 5*u + 3. Determine m(d).
-12
Let f(s) = 6*s - 11*s + 5 + 2 - 1. Let w(u) = -6*u + 6. Let r(a) = -5*f(a) + 4*w(a). What is r(0)?
-6
Suppose -7*r - 26 = 2. Let p(h) = -h**3 - 4*h**2 - 3*h - 1. What is p(r)?
11
Let s(m) be the second derivative of -1/12*m**4 - m**3 + 0 + m - 3/2*m**2. Suppose 2*r + 4 + 0 = 0. Give s(r).
5
Let k = -88 + 88. Let j(f) be the third derivative of 2*f**2 + k + 0*f - 1/3*f**3 + 1/24*f**4. Calculate j(-5).
-7
Let j(m) = -4*m - 2. Let b = 15 + -9. Let v be -6*3/b*-1. Suppose -p = -5*a + v, -11 = -3*p - a - 4. Give j(p).
-10
Let l(a) be the second derivative of 1/2*a**2 + 1/2*a**3 - 3*a + 0. Calculate l(-2).
-5
Let a = 112 + -105. Let q(f) = f**2 - 7*f + 8. Determine q(a).
8
Let s(f) = -f + 6. Let w be s(8). Let h be w/12 - (-75)/18. Let a(y) = -1 + 0 - h*y - 1 + 0. Determine a(-2).
6
Suppose -1 - 3 = -2*j. Let a be (-2 + -1)/(j + -3). Let s(t) be the third derivative of -t**6/120 + t**5/20 + t**4/12 - t**3/3 - t**2. Determine s(a).
4
Let m(u) be the first derivative of -9*u + 2 - 1/4*u**4 - 1/2*u**2 - 1/3*u**3. Give m(0).
-9
Let p(z) = 0 - 1 - z - z - 2*z. Calculate p(-1).
3
Let d(i) be the second derivative of -i**5/4 + i**4/12 + i**3/6 + i**2/2 + 4*i. Determine d(-1).
6
Let c(w) be the third derivative of -w**6/360 - w**5/40 + 5*w**4/24 + w**3/6 + 2*w**2. Let d(x) be the first derivative of c(x). Give d(-4).
1
Let v = 0 + 3. Let q(d) = 2*d - 7. Let j(w) = w - 3. Let c(x) = -13*j(x) + 6*q(x). Determine c(v).
-6
Let z(i) be the third derivative of i**6/120 + i**4/24 - 2*i**3/3 - 2*i**2. Suppose -2*h = -7*h. Determine z(h).
-4
Let z(k) = -5*k**2 + 13. Suppose -20 = -3*h - 8. Let t(q) = -4*q**2 + 12. Let a(y) = h*t(y) - 3*z(y). What is a(0)?
9
Let g = 0 + 4. Let p(o) be the third derivative of -o**8/20160 + o**7/1008 - o**6/360 - o**5/60 - o**2. Let y(w) be the third derivative of p(w). Give y(g).
2
Let i(p) = 4 + 8 - 10 + 2*p. Determine i(5).
12
Let t(m) = -5*m**2 - 7*m + 0*m**3 - m**3 + 2*m**3 - 3. Let l(k) = k**2 + 7*k + 12. Let n be l(-6). Determine t(n).
-9
Let i = 16 + -10. Suppose 6 + i = 4*g. Let v(b) be the first derivative of b**2 - 2. Calculate v(g).
6
Let c(i) = i**3 + 4*i**2 + 3*i + 4. Let k = -3 - -7. Suppose o + 0*o + k = 0. Calculate c(o).
-8
Suppose -12 + 2 = 5*u, -3*z + 5 = 5*u. Let g(b) = -4*b + 6. Determine g(z).
-14
Let j(m) = m + 7. Suppose -3*l = -3*f + 15, 2*f = -l - 3 + 13. Suppose 0 = -t - l*t. Let h be 2/(2/(-5) + t). Determine j(h).
2
Let z be -1*1 - (3 + -7). Suppose 4*p - 3*y - 1 = -5, z*p + 3 = y. Let i(q) = q**2 + 2*q + 4. Let r(u) = -u**2 - 1. Let t(d) = p*i(d) - 3*r(d). Calculate t(2).
3
Let p(w) = w - 4. Suppose -3 - 2 = -t. Determine p(t).
1
Let p be (-1)/(-4) - (-11)/4. Let f(n) = 7*n**p + 10*n - n**3 - 9*n. Suppose 2*a + 0 - 2 = 0. Determine f(a).
7
Let b(t) = -t**2 - 3*t - 1. Let v be 22/8 + (-1)/(-4). Suppose 4*z - z = v. Suppose 5*f = 6*f + z. Give b(f).
1
Let n(o) = -1 + 7*o + 3 - 2*o**2 - 1 - 2. Let u(r) = -5*r**2 + 21*r - 2. Let x(c) = -8*n(c) + 3*u(c). What is x(-5)?
-8
Suppose -l - 1 - 3 = 2*b, -l = b. Let d(k) = -k - 1. Calculate d(l).
-5
Let g(u) = -u**3 + 4*u**2 + 22*u - 15. Let l be g(7). Let x(r) = -r - 3. What is x(l)?
5
Let v be ((-6)/(-9))/(14/(-231)). Let o = v - -15. Let q(y) = -y**3 + 4*y**2 - 2*y. Calculate q(o).
-8
Let m(w) = -4*w + 2. Let c(b) = -7*b + 3. Let a(n) = 3*c(n) - 5*m(n). What is a(-3)?
2
Let j(s) = 8*s**2 + 23*s - 9*s + 2*s**3 - 10*s**2 - 15*s. Suppose 2*t - 8 = -2*t + 3*v, 0 = 5*t + v - 10. Calculate j(t).
6
Let n(c) = 5*c**3 - c**2 - c + 1. Let y be n(1). Let u(o) = -9*o**2 + 4*o**2 - 3*o**3 + 1 + y*o**2. What is u(-1)?
3
Suppose 4*w = 5*w. Let s(o) = w - o**2 + 3*o + 0 - 1 + 4. Let n(m) = 3*m**2 + 1. Let i be n(1). Determine s(i).
-1
Let b(d) = 4*d + 0*d + 1 - 2*d. Suppose 41*n - 20 = 46*n. Calculate b(n).
-7
Let h(f) = 6*f - 14. Let w be h(2). Let k(y) = 4*y**2 + y + 1. Determine k(w).
15
Let i(y) = y**3 + 2*y**2 + 2*y. Suppose 30*w + 15 = 25*w. Determine i(w).
-15
Let r(i) = 6*i + 26. Let u(g) = -8*g + 2. Let z(k) = -7*k + 1. Let t(x) = -6*u(x) + 7*z(x). Let c(j) = 3*r(j) + 16*t(j). What is c(-2)?
-6
Let k = 7 - 1. Suppose -2*d - k = 2*g, 6 = -2*g + 3*g - 2*d. Let n(x) = x**2 + x - 1. Give n(g).
-1
Suppose -k + 6 = -4*k, k - 10 = -3*f. Let y(c) = c - 2. What is y(f)?
2
Let s(m) = 13*m - 5. Let j(y) = 6*y - 3. Let a(c) = 9*j(c) - 4*s(c). Calculate a(8).
9
Let c = 41 - 43. Let i(t) = -t**2 - 4*t + 1. Give i(c).
5
Let i(k) = 5*k - 2. Let b(a) = 6*a - 3. Let r be (-3)/(4/16*-2). Let n(s) = r*b(s) - 7*i(s). Let q be (3 - 2)/((-2)/(-10)). What is n(q)?
1
Let x(v) = v**2 - 4*v + 3. Let z = 377 + -125. Let d be (2/(-4))/((-7)/z). Suppose 5*p = -2*j + d, -p - j + 18 = 3*j. What is x(p)?
-1
Let w(m) = -m**3 + m**2 - m - 1. Let y(r) = -4*r**3 + 4*r**2 - 6*r - 2. Let d(x) = -5*w(x) + y(x). Let s(z) = 3*z - 12. Let n be s(4). What is d(n)?
3
Let w(h) = h**2 - 7*h + 3. Let d(c) = 3*c**2 - 14*c + 7. Let a(t) = 2*d(t) - 5*w(t). What is a(-5)?
-11
Let z(q) = -q**2 - q + 4. Let y(k) = -k**2 - 7*k + 8. Let s be y(-8). Determine z(s).
4
Let u(i) = i + 1. Let n be u(-1). Suppose 5*t - 4 = 3*t. Let b(m) = m - 3*m + n - t + 6. Calculate b(5).
-6
Let q(f) = -5*f**2 + 10*f - 8. Let i(n) = -9*n**2 + 20*n - 16. Let c(x) = 4*i(x) - 7*q(x). What is c(6)?
16
Let h(d) = 1. Let f(i) = 2*i + 1. Suppose -w + 2*w - 12 = 5*x, -w - 4 = 3*x. Let r(b) = x*h(b) + f(b). What is r(5)?
9
Let y(x) = -2*x**2 - x + 1. Suppose b - 6*b = 4*z + 26, -5*z - 18 = -b. Determine y(b).
-5
Let a(b) = b**2 - 9*b + 4. Let h be a(9). Let o(m) = m**3 + 6*m**2 + 6*m + 1. Let n be o(-5). Let k = h + n. Let i(y) = -y**2 + 2. Give i(k).
2
Let o be 111/18 - 6/36. Let y(k) = -2*k**3 - 10*k**2 + 4*k - 2. Let h(t) = 3*t**3 + 11*t**2 - 3*t + 3. Let r(j) = -3*h(j) - 4*y(j). Calculate r(o).
-7
Suppose -2*z - 6 - 4 = 0. Let l(s) = s**3 + 4*s**2 - 5*s - 3. Give l(z).
-3
Let c(x) = 1 + 15*x + 2 - 10*x - 6*x. Give c(7).
-4
Let b(s) = -s + 9. Let f be b(9). Let w be 8 - 1 - (2 - f). Let l(o) = 1 + 2*o - w*o**3 - 2*o**3 - 2 - o**2. What is l(1)?
-7
Suppose 0*k = -4*k + 12. Suppose -k*i - 6 = 6. Let v(u) = -u - 1. Give v(i).
3
Let l(i) be the first derivative of i**2 - i + 14. Calculate l(1).
1
Let u(m) = 6*m + 1. Let z be ((-6)/9)/(8/(-12)). Calculate u(z).
7
Let q(o) = o**3 + 7*o**2 + 6*o + 1. Let z be 4/3*18/(-4). Determine q(z).
1
Let i(d) be the third derivative of -1/6*d**3 + 0 + 1/24*d**4 + 0*d**5 - 4*d**2 + 1/20*d**6 + 0*d. Suppose -p - 4 = j, -10 = 4*p + 3*j + 1. Give i(p).
6
Let w be 36/(-8) + 2/4. Let d(o) be the second derivative of -o**3/6 + o**2/2 - 6*o. Determine d(w).
5
Let y(b) = -b**3 - 4*b**2 + 6*b. Let l be -2 - 12/2 - -1. Let p = l - -1. Let x be (-16)/3 + (-2)/p. Give y(x).
-5
Let l(f) = -f + 1. Let s be l(-5). Let n(c) = 2 + 2*c - 2*c**2 - s + 3*c**2. Let b = -17 - -13. What is n(b)?
4
Let y be 2*1*(-2